k**2. Let n(c) be the second derivative of r(c). Determine n(5).
4
Let u(m) = m**3 + 3*m**2 - 3. Let o(j) = j**3 + 4*j**2 + j - 3. Let h(x) = 3*o(x) - 4*u(x). Let d be (24/60 - (-6)/10) + -3. Give h(d).
5
Let c be (-1)/2*(-10)/(-1). Let k(l) = -3*l - 7. Let z be k(c). Let q = 13 - z. Let b(g) = -g**2 + 6*g - 3. Determine b(q).
2
Let w(b) = -107 + 4*b + 56 + 54. What is w(-3)?
-9
Let f = -3 + 6. Let g(n) = 4*n**2 - n**2 + 4*n**3 - 2*n**f + 3 - n - n**3. Calculate g(-3).
6
Let t(p) = -2*p + 6. Let g(s) = s**2 + 5*s - 9. Let n be g(-7). What is t(n)?
-4
Let k(r) = -r**2 - r + 4. Suppose 0*n - 2*q + 2 = -2*n, -4*q = -n + 5. What is k(n)?
-2
Let j(k) be the second derivative of k**3/6 - 2*k**2 + 24*k. Determine j(6).
2
Let j be (4/960*2)/1. Let p(k) be the third derivative of 0*k + 0 + 1/30*k**5 + k**2 + j*k**6 - 5/24*k**4 - 1/2*k**3. Determine p(-3).
3
Let x(j) = -j**3 + 4*j**2 + 6*j + 2. Suppose 4 + 4 = 4*n. Suppose 62 - n = 4*h. Suppose 5*t - h = 2*t. Give x(t).
7
Let o(p) be the second derivative of p**3/2 - 2*p**2 - 8*p. Give o(5).
11
Let j = 16 + -11. Let d(m) = 4*m**3 + 7*m**2 + m - 4. Let o(z) = z**3 + z**2 - 1. Let i(q) = j*o(q) - d(q). Give i(3).
5
Suppose 0 = -8*l + 13 - 5. Let w(t) = -3*t**2 + t - 1. Give w(l).
-3
Let v(d) = -3*d + 110 - 106 + 5*d. Suppose 6*s - s + 2*x = 6, 2*x + 12 = 4*s. Let j = s + -5. Determine v(j).
-2
Suppose -43 = 3*a + 4*v - 9*v, 49 = -4*a + 5*v. Let i(w) = -w**3 - 7*w**2 - 4*w + 2. What is i(a)?
-10
Let v(l) = l**3 + 2*l**2 + 1. Let o be (-1)/(((-5)/60)/((-2)/8)). What is v(o)?
-8
Suppose -2*g + 2*n + 6 = 0, 3*g - 5*n - 9 = -4*n. Let x be (-2 - 2)*g/(-6). Let s(a) = a**2 + 2 + a + 3*a - a**3 - 5. What is s(x)?
1
Let f(x) be the first derivative of 1 - 1/2*x**2 + 3*x. Let z(u) = u + 2. Let t be z(-5). Calculate f(t).
6
Suppose 3*y - 4 + 1 = 0. Let z(h) = -5*h - 1. Calculate z(y).
-6
Let s(v) = -v**3 + 4*v**2 - 4*v + 3. Let x be s(3). Let i(t) be the second derivative of 1/4*t**4 + 1/6*t**3 + t + 1/20*t**5 + x + 1/2*t**2. Determine i(-3).
-2
Let m(v) be the third derivative of -v**6/360 - v**5/30 + v**4/8 + 7*v**3/6 - 2*v**2. Let n(r) be the first derivative of m(r). Give n(2).
-9
Let l(d) = -d**3 + 3*d**2 - 2. Let i = 15 - 12. Calculate l(i).
-2
Let j(c) = c**2 + 10 - 9 - 6*c + 11*c. Give j(-6).
7
Let u(o) = -o**3 - 5*o**2 - 3*o - 12. Suppose 0 = 12*b + 34 + 26. Give u(b).
3
Let d(u) = u**2 - 2*u + 1. Suppose r - 44 = 3*r. Let t = 50 + r. Let z be ((-1)/2)/((-7)/t). Calculate d(z).
1
Let r(f) = 2*f - 5*f**2 + 3*f + 6*f**2 + 6 + f. Let b = -17 - -12. Determine r(b).
1
Let r(d) = 2*d**2 - 2*d + 1. Let y(l) = 5 + 0*l**3 - 4*l + l**3 - 2 - 3*l**2. Let p be y(4). Suppose -4*z = -z - p. Calculate r(z).
1
Let x(g) = -4*g + 1 - g**2 - 8*g + 13*g. Calculate x(3).
-5
Suppose -6*k + 11*k = -10. Let p(u) = -u**2 - 6*u + 1. Let d(b) = b. Let z(y) = 6*d(y) + p(y). Give z(k).
-3
Let m(g) be the second derivative of -g**3 + 5*g. Give m(-1).
6
Let i(h) = h - 4. Let m = 0 + -5. Calculate i(m).
-9
Let s(o) = -3*o**3 - o**2 + o. Let f(x) = -x**3 + 6*x**2 + 5*x - 5. Let n be 4/6*(12 + -3). Let i be f(n). Let a be 4/10 - (-15)/i. Give s(a).
-3
Let y(j) = 2*j**3 + 8*j**2 - 10*j + 1. Let c be y(-5). Let m(w) = 4*w**2 + w. What is m(c)?
5
Let y = -9 - -11. Suppose y*h + h = -12. Let x(p) = p**3 + 5*p**2 + 4*p + 3. Determine x(h).
3
Let f be (1 - 1)/(5 - 9 - -3). Let v(g) be the first derivative of f*g**3 + 0*g - 4 - 1/4*g**4 - 1/2*g**2. What is v(1)?
-2
Let k(x) = -10*x - 16. Let y(u) = 2*u + 4 - 2 + 1. Let q(z) = -2*k(z) - 11*y(z). Let v = 58 + -60. Calculate q(v).
3
Let n(d) be the second derivative of -1/20*d**5 - 5/3*d**3 - 7/12*d**4 + 0 - 7/2*d**2 + 5*d. Determine n(-6).
17
Let i be (56/(-12))/((-4)/6). Let c = 7 - i. Let a(x) = -x + 1. Determine a(c).
1
Let t(q) be the second derivative of 2*q**3/3 + q**2 + 48*q. Calculate t(2).
10
Let l(r) = r - 5. Let n(z) = z + 0*z - 5 + z. Let v(x) = -3*l(x) + 2*n(x). Determine v(-4).
1
Suppose -5*t - 1 = 3*w, 0 = -3*t + w - 4*w + 3. Let u be -2 + 5 - (3 + t). Let g(h) = -h**3 + 4*h**2 - h - 2. What is g(u)?
4
Let h(x) = 3 - 5*x**2 + 3*x + 6*x**2 + 0*x**2. Suppose 5*l - 4*l = -5, -5*n + 4*l = -10. What is h(n)?
1
Let r(g) be the third derivative of -g**6/10 - g**5/30 + g**3/6 + 6*g**2. Determine r(-1).
11
Let q be (-52)/(-14) + (-4)/(-14). Let z(o) = -o**2 + q*o**3 - 3*o + o**2 + 4*o. Let n be ((-2)/(-1) - 3)*1. Calculate z(n).
-5
Let s(t) = 5*t - 6. Let y(k) = -14*k + 17. Let o(z) = 11*s(z) + 4*y(z). Give o(-5).
7
Let c(b) be the second derivative of -b**3/6 - b**2 - 3*b. Let l(y) = -y**2 + 4*y + 7. Suppose 0 = 4*w + w - 25. Let s be l(w). Calculate c(s).
-4
Let i be (-6)/4*4/(-2). Let d(q) be the second derivative of -q**4/12 + 2*q**3/3 - q**2/2 + 5*q. Let x be d(i). Let y(u) = 2*u**2 - u - 2. Determine y(x).
4
Let k(d) = d**3 + 0*d**2 + 6*d**2 + 2*d**3 - 5 - 2*d**3. Let r be k(-6). Let j(q) = -2*q - 1. What is j(r)?
9
Let m(d) = 2 - 2 - 2 + 3 - 4*d. Give m(-2).
9
Let o(t) = 2*t - 9. Let z be (4/10)/(1/15). Calculate o(z).
3
Let l(o) be the third derivative of o**5/60 - o**4/6 - o**3/6 + 2*o**2. What is l(3)?
-4
Let w(o) = 3*o**2 - 2*o - 1. Let f be (-5)/15 - (-56)/6. Let n be (0/(-2))/(f + -11). Let j be n/(6/2) - 1. Determine w(j).
4
Suppose 5*z - 3*p = -0*z + 39, 2*z - 26 = -4*p. Suppose 3*l + z + 9 = 0. Let x(m) = -m - 2. Give x(l).
4
Let g(b) = -1 + b**3 + b - 5*b**2 - 5*b + b**2. Let d(s) = s**3 + 10*s**2 + 7*s - 13. Let u be d(-9). What is g(u)?
4
Let d(z) = z + 3. Let p(l) = l**3 + 3*l**2 - 6*l - 4. Let a be p(-4). Suppose -a*c - 6 - 18 = 0. Calculate d(c).
-3
Let y(u) be the second derivative of -u**4/12 + u**3 + 43*u. Give y(5).
5
Suppose 2*j - 5*t - 5 = -4*t, -j - 2 = 4*t. Suppose -r + 2*c + 5 = 0, 2*r + 4*c = 5*c + 7. Let f(x) = 3*x**r + 3*x - 3*x**3 - x**3 - 2. Give f(j).
-4
Let d(g) = g. Let l = -111 - -103. Give d(l).
-8
Let w(v) = -v**3 + 5*v**2 + 5. Let a(u) be the second derivative of u**4/12 - 5*u**3/6 - u**2/2 + 2*u. Let z be a(6). Suppose 4*f + z = 25. What is w(f)?
5
Let t(c) = 3*c + 9. Let r = 113 + -117. Give t(r).
-3
Let a(i) be the first derivative of -i**4/4 + 4*i**3/3 + 5*i**2/2 + i - 7. Determine a(5).
1
Let q(s) be the first derivative of -s**4/2 - 4*s**3/3 - 2*s**2 - 2*s + 21. Let n = 7 - 9. Give q(n).
6
Let p(i) = i**2 - i - 1. Let o(y) = -y + 8. Let j(n) = -n**3 + n**2 - n + 1. Let c be j(1). Suppose c*w + 35 = 5*w. Let z be o(w). Calculate p(z).
-1
Suppose -79*q + 39 = -76*q. Let r(s) = -s**2 + 13*s + 6. What is r(q)?
6
Let k(l) = -l**3 + 3*l**2 + 5*l + 3. Let b be k(4). Let a(m) = -b - m + 6 - 3. Let p = 2 + -4. Determine a(p).
-2
Let v = -4 - -9. Suppose -4*x + 137 = 45. Let c be 4/(-10) - x/v. Let m(s) = s**3 + 4*s**2 - 6*s - 6. Give m(c).
-1
Let d(l) = -2*l + 37. Let g be d(16). Let b(t) be the third derivative of 1/120*t**6 + 1/24*t**4 - t**2 - 1/6*t**3 + 1/60*t**g + 0*t + 0. Give b(-2).
-7
Let v(w) = w**2 - 6*w + 2. Let d(m) = -4*m + 2 + 4 + 5*m**2 - m**3 - 1. Let n be (-7 - -1)/(6/(-4)). Let u be d(n). What is v(u)?
-3
Let d(j) = -8*j + 0 - 2 + 5 + j**2 + 2. Let t(m) = m**2 - 5*m - 8. Let o be t(7). What is d(o)?
-7
Let r(v) = v**3 - 7*v**2 - 8*v + 6. Let i be -5 + 3 + -1 + 11. What is r(i)?
6
Let w = 21 - 14. Let h = -3 + w. Suppose h = -2*p - 0*p. Let c(b) = -b**2 - 3*b - 3. What is c(p)?
-1
Suppose -t = -2*t + 4. Let j(q) = -t*q + 4 + 9*q - 3*q. What is j(-4)?
-4
Let k = 14 - 13. Let n(m) = -9*m + 1. What is n(k)?
-8
Suppose 2*n + 5 = 4*z - 3, 23 = 5*z + 4*n. Let f(i) = -2 + 3*i - 1 - i - i**2. Determine f(z).
-6
Suppose -3*a + 2 = -2*m + a, 3*a - 14 = -m. Let q(o) = -m*o**2 - 4 + 5 + 2*o + 0*o. Let y = 93 - 94. What is q(y)?
-6
Let z(m) = -1 - 3*m - 8*m + 3*m. Let s be (-2 - 8/(-12))*-3. Suppose -4 = -p - d - s*d, p = -4*d + 3. Give z(p).
7
Let x(c) = -5*c**3 - 7*c**2 + 8*c + 4. Let i(k) = -3*k**3 - 5*k**2 + 5*k + 3. Let j(g) = 8*i(g) - 5*x(g). Give j(5).
4
Let k(o) = o**3 - 3*o**2 - o - 1. Let q be (0 - -4)*(-1)/(-2). Suppose q*n - 3 = n. Give k(n).
-4
Let z(i) = -i**2 - i + 4. Let y(m) = m - 1. Let g(o) = 4*y(o) - z(o). Suppose 5*b - 3*c + 18 = -6*c, 0 = -4*b - c - 20. What is g(b)?
-2
Suppose -1 + 13 = 4*d. Let m(q) = -3 + 2*q**d + 2 + q**2 - 3*q**3. Suppose 7*a = 3*a + 4. Determine m(a).
-1
Let u(q) = -q**3 - 3*q**2 + 6*q + 5. Suppose -b